
Is 263366863 a composite number?
False
Is 13407907467 a composite number?
True
Is 56681731501 a prime number?
True
Is 904650289 a prime number?
False
Is 29792847107 prime?
True
Is 912489191 prime?
False
Is 389127931 a composite number?
False
Is 4538775679 a prime number?
False
Is 32748657937 composite?
True
Is 2006751049 composite?
True
Is 161984023 a composite number?
True
Is 113806909 prime?
False
Is 61904627089 composite?
True
Is 58158528601 a composite number?
False
Is 7010795653 composite?
True
Is 1758765149 composite?
True
Is 853346181 prime?
False
Is 30806896261 prime?
True
Is 20372580659 a composite number?
False
Is 1537105351 a prime number?
True
Is 6696613723 composite?
True
Is 903261769 prime?
False
Is 10284140693 composite?
True
Is 2663219903 composite?
True
Is 536117111 prime?
True
Is 3695026169 a prime number?
True
Is 16988118863 a composite number?
False
Is 2744397119 a composite number?
True
Is 377309869 a composite number?
True
Is 12596270081 prime?
True
Is 802428923 a composite number?
False
Is 708056351 prime?
True
Is 2609580131 a composite number?
False
Is 8923103859 a composite number?
True
Is 612141793 a composite number?
False
Is 328744733 a composite number?
False
Is 15556002573 a prime number?
False
Is 423793609 prime?
True
Is 2262359611 a composite number?
False
Is 53169011957 a prime number?
True
Is 990064013 composite?
False
Is 1918223473 a composite number?
True
Is 1396260902 a composite number?
True
Is 11941940159 prime?
False
Is 146650681 composite?
True
Is 3039246919 prime?
True
Is 4884974 composite?
True
Is 18174104353 a composite number?
True
Is 129586187 composite?
False
Is 42150499379 a prime number?
True
Is 349150379 composite?
True
Is 1150659239 prime?
False
Is 5425739143 a prime number?
False
Is 1166618851 a composite number?
False
Is 130049783 prime?
False
Is 319774594 composite?
True
Is 734569603 composite?
True
Is 188180039 a composite number?
True
Is 3393020447 a composite number?
True
Is 1379954267 a composite number?
True
Is 1821763943 prime?
True
Is 80353885919 prime?
True
Is 2048637881 composite?
True
Is 1488403949 a composite number?
False
Is 40218479473 composite?
False
Is 614904299 a composite number?
False
Is 7455510017 composite?
False
Is 11202946351 a composite number?
False
Is 7586045693 a composite number?
False
Is 6323603639 prime?
True
Is 9274325311 composite?
False
Is 19970063779 a prime number?
True
Is 2833693523 prime?
True
Is 1570424909 a prime number?
False
Is 224388649 composite?
False
Is 10965645143 composite?
True
Is 2441873117 prime?
True
Is 15678377417 a composite number?
False
Is 1249925791 a prime number?
True
Is 4755924619 a prime number?
True
Is 2455115591 a composite number?
True
Is 3624057694 prime?
False
Is 2336950383 a prime number?
False
Is 142328959313 prime?
True
Is 83063489637 composite?
True
Is 567511433 prime?
True
Is 3022032443 a composite number?
False
Is 6110090017 a composite number?
False
Is 5539499367 a composite number?
True
Is 25947821287 composite?
True
Is 5079093427 prime?
False
Is 751398971 a prime number?
False
Is 14723233615 composite?
True
Is 72397540469 a prime number?
True
Is 1111721719 composite?
True
Is 2909849093 a composite number?
False
Is 95503303927 a composite number?
False
Is 2819639513 a prime number?
True
Is 1241389379 a composite number?
False
Is 173483769 a composite number?
True
Is 1630728037 a prime number?
False
Is 1952163911 a composite number?
True
Is 9235781 composite?
False
Is 1983504767 prime?
False
Is 38516096027 composite?
False
Is 29199775279 a prime number?
True
Is 605060867 composite?
True
Is 8285269 prime?
True
Is 28200805417 a composite number?
False
Is 1783932179 prime?
False
Is 68277857 a composite number?
False
Is 31319943229 composite?
True
Is 18172030549 a prime number?
False
Is 9168332902 prime?
False
Is 5303510449 a prime number?
True
Is 3558971173 prime?
False
Is 205258987 a prime number?
True
Is 2200882663 a prime number?
False
Is 49622274043 a composite number?
False
Is 51687717197 a composite number?
True
Is 7982958083 prime?
True
Is 7622023291 a prime number?
False
Is 110612057 a composite number?
False
Is 10497451691 a prime number?
True
Is 18858087921 prime?
False
Is 607915753 composite?
False
Is 235723723 prime?
True
Is 2720726167 composite?
False
Is 59084099753 composite?
True
Is 2750026007 a prime number?
False
Is 27684644473 a prime number?
True
Is 63227164723 composite?
True
Is 99235631317 a prime number?
False
Is 15824750573 a prime number?
False
Is 18155387695 a prime number?
False
Is 14990465653 a composite number?
False
Is 1521028897 a prime number?
False
Is 31074530161 a prime number?
False
Is 7425006969 a prime number?
False
Is 15463983883 a prime number?
True
Is 8510039507 a prime number?
True
Is 2179602281 prime?
False
Is 1297661509 composite?
True
Is 4095721967 composite?
False
Is 19554151685 composite?
True
Is 64782619969 prime?
False
Is 700444351 a prime number?
True
Is 14252159297 prime?
True
Is 72920715727 a prime number?
True
Is 1619875757 a composite number?
False
Is 172017817 a prime number?
False
Is 12073499033 prime?
True
Is 15520630001 prime?
True
Is 1754771639 a composite number?
False
Is 75697891 prime?
True
Is 19080293579 prime?
True
Is 3762559253 composite?
False
Is 356026471 composite?
False
Is 9749150003 a prime number?
True
Is 2295233555 a prime number?
False
Is 401119779 a prime number?
False
Is 16942242559 a composite number?
True
Is 104514570713 composite?
True
Is 19553900243 prime?
False
Is 4540695163 prime?
False
Is 243833478949 composite?
False
Is 24452664727 prime?
False
Is 130109900027 a composite number?
True
Is 51639228323 a prime number?
False
Is 8243300591 prime?
True
Is 4066737329 composite?
True
Is 4568113601 composite?
True
Is 977120141 prime?
True
Is 1643548273 composite?
True
Is 3535488289 composite?
True
Is 165018034631 prime?
False
Is 581962621 a composite number?
True
Is 1018120483 a composite number?
True
Is 9692627177 a composite number?
False
Is 86347979 prime?
False
Is 42906053 a prime number?
True
Is 581353991 a prime number?
True
Is 14028245234 composite?
True
Is 978881011 a prime number?
False
Is 165748787 a prime number?
False
Is 125649005 prime?
False
Is 34064689 a composite number?
False
Is 95534988803 a composite number?
True
Is 472675891 prime?
True
Is 13374405041 a prime number?
False
Is 48028757167 a prime number?
True
Is 362188000033 a prime number?
True
Is 9275046083 prime?
False
Is 57683569 prime?
True
Is 49385238211 a composite number?
False
Is 5036275373 composite?
True
Is 51740442421 prime?
True
Is 240709164947 composite?
False
Is 793135823 composite?
False
Is 162972479 composite?
False
Is 536005417 prime?
False
Is 46337332271 composite?
False
Is 621670579 a composite number?
True
Is 2384239631 composite?
True
Is 485871311 composite?
False
Is 2477302901 prime?
False
Is 18474450967 a composite number?
True
Is 31389027809 prime?
True
Is 44166305171 a composite number?
True
Is 22757759651 a prime number?
False
Is 554386661 prime?
True
Is 334762537 a prime number?
False
Is 9986262269 a composite number?
True
Is 237471931 composite?
False
Is 302799487 a composite number?
True
Is 2461109051 a composite number?
False
Is 573295601 prime?
True
Is 11003766587 a prime number?
False
Is 2695304783 a composite number?
False
Is 10595769589 prime?
False
Is 448716679 prime?
True
Is 387829787 composite?
False
Is 5470046471 prime?
True
Is 654537407 a composite number?
True
Is 162933136273 composite?
False
Is 50023242833 a composite number?
False
Is 334770017 a prime number?
False
Is 5641470941 prime?
False
Is 61737853039 composite?
True
Is 25106203 a composite number?
False
Is 42706530011 a composite number?
True
Is 18367588879 a composite number?
False
Is 16825926659 prime?
False
Is 559722979 prime?
False
Is 2677515289 composite?
False
Is 1031469181 composite?
True
Is 34256555693 composite?
True
Is 976792409 composite?
True
Is 442725086 prime?
False
Is 3023062817 a prime number?
True
Is 1199278513 composite?
False
Is 2425863673 prime?
True
Is 506731093 a composite number?
True
Is 49627534123 composite?
True
Is 3543927091 prime?
True
Is 7878988217 a composite number?
False
Is 10359938513 a prime number?
False
Is 23145162893 prime?
False
Is 1802438427